 3250965.
15
What is the greatest common divisor of 21129431 and 251?
251
What is the greatest common factor of 3646656 and 1092?
156
What is the greatest common divisor of 22144 and 148864?
128
What is the greatest common divisor of 3630 and 35715?
15
What is the greatest common factor of 7262697 and 365?
73
What is the highest common divisor of 2204 and 4429286?
58
Calculate the greatest common divisor of 491408 and 32.
16
What is the greatest common factor of 3633 and 33936?
21
What is the greatest common divisor of 8560788 and 12?
12
What is the greatest common factor of 103352 and 26968?
8
What is the highest common factor of 134 and 44675667?
67
Calculate the greatest common factor of 8087654 and 361.
19
What is the highest common factor of 3456 and 1238136?
24
Calculate the highest common divisor of 2 and 564532.
2
Calculate the greatest common divisor of 390 and 430022970.
390
What is the highest common divisor of 16 and 5396528?
16
Calculate the greatest common divisor of 27280 and 3182336.
496
Calculate the greatest common factor of 3800 and 189335.
95
What is the highest common factor of 6833678 and 148?
74
Calculate the highest common factor of 486045 and 672.
21
Calculate the greatest common factor of 11020700 and 53084.
2308
What is the highest common divisor of 289 and 103792327?
289
Calculate the greatest common factor of 3070964 and 364.
52
Calculate the highest common factor of 498718 and 374.
22
What is the highest common divisor of 304470 and 49470?
510
What is the greatest common divisor of 233232 and 332820?
516
What is the highest common divisor of 69824 and 848?
16
What is the greatest common factor of 416 and 1449474?
26
Calculate the greatest common divisor of 7553117 and 462553.
2873
What is the greatest common factor of 37356 and 794442?
66
Calculate the greatest common divisor of 3537955082 and 46.
46
What is the highest common factor of 91 and 6842810?
13
What is the greatest common divisor of 22496 and 13342237?
703
What is the greatest common divisor of 30710 and 1670?
10
Calculate the greatest common factor of 128832 and 519.
3
What is the greatest common divisor of 1573 and 594789?
13
Calculate the greatest common divisor of 283370 and 1070.
10
What is the highest common factor of 384127 and 47845?
1367
Calculate the highest common divisor of 328 and 40216408.
328
Calculate the highest common divisor of 462 and 42962304.
462
What is the highest common divisor of 62 and 16522194?
62
What is the highest common divisor of 7722 and 63765?
117
What is the greatest common factor of 127262135 and 12220?
3055
Calculate the greatest common factor of 6720 and 106540.
140
What is the highest common factor of 6327 and 2513706?
111
Calculate the greatest common divisor of 1744484621 and 3071.
3071
Calculate the greatest common factor of 52640 and 2750720.
1120
What is the highest common factor of 372141 and 306999?
693
What is the greatest common factor of 8602 and 38696488?
782
Calculate the greatest common divisor of 56 and 30518642.
14
Calculate the greatest common divisor of 393961502 and 1871.
1871
What is the greatest common factor of 105689 and 12682?
17
What is the highest common factor of 170312 and 818056?
2792
What is the greatest common factor of 276458136 and 1128?
1128
What is the greatest common factor of 4431 and 403271007?
633
What is the highest common divisor of 84240 and 279630?
1170
What is the greatest common factor of 33750460 and 95?
95
Calculate the greatest common factor of 1029186 and 2025.
81
What is the greatest common divisor of 7584 and 86880?
96
Calculate the greatest common divisor of 253407 and 105.
21
What is the highest common divisor of 126 and 146227550?
14
Calculate the greatest common divisor of 935 and 239542495.
85
What is the greatest common divisor of 512204 and 1144?
44
What is the highest common factor of 385 and 3995365?
55
Calculate the highest common divisor of 71048699 and 1011.
337
Calculate the highest common factor of 44 and 10549154.
22
Calculate the greatest common divisor of 176665306 and 111.
37
Calculate the highest common factor of 331024 and 4153712.
272
What is the greatest common factor of 6 and 805390122?
6
Calculate the highest common divisor of 9454 and 1761378.
326
Calculate the greatest common divisor of 192 and 24426672.
48
What is the greatest common divisor of 1870776 and 2916?
324
Calculate the greatest common factor of 3006176 and 197728.
1184
What is the highest common factor of 5723437 and 1829?
31
Calculate the highest common factor of 1491644 and 1771.
77
What is the highest common factor of 2200041 and 9288?
27
What is the greatest common factor of 459 and 168201?
9
What is the greatest common divisor of 1548 and 7455654?
18
What is the highest common divisor of 791625276 and 13?
13
What is the highest common factor of 54999 and 110285217?
6111
What is the greatest common factor of 179070188 and 129297?
6157
What is the highest common factor of 25531119 and 81?
81
Calculate the highest common divisor of 260928 and 91053.
1359
Calculate the highest common factor of 17243933 and 180467.
6223
Calculate the highest common factor of 225 and 247982200.
25
Calculate the greatest common factor of 3689048 and 121.
121
Calculate the greatest common factor of 29674 and 10025.
401
What is the greatest common factor of 4008046 and 182?
14
Calculate the highest common factor of 10670 and 730.
10
Calculate the highest common divisor of 420 and 180033.
21
What is the greatest common divisor of 1116 and 50199066?
18
What is the highest common divisor of 3720 and 21901500?
1860
What is the highest common factor of 5780486 and 17830?
3566
What is the highest common factor of 99052 and 446?
2
Calculate the highest common divisor of 5542600 and 104.
8
Calculate the greatest common factor of 1652 and 109444.
4
Calculate the greatest common divisor of 10 and 2938965.
5
What is the highest common divisor of 7049379 and 2832?
177
What is the greatest common divisor of 903 and 55750016?
301
Calculate the highest common divisor of 153 and 38095674.
51
Calculate the greatest common factor of 36031242 and 3.
3
Calculate the greatest common factor of 2038440 and 120.
120
What is the greatest common divisor of 55648 and 542864?
592
Calculate the greatest common factor of 274047592 and 5096.
5096
Calculate the highest common divisor of 3568 and 24392632.
1784
Calculate the highest common factor of 3469767 and 5334.
2667
Calculate the highest common divisor of 675008 and 584662.
398
Calculate the greatest common factor of 6312684 and 104364.
2676
What is the greatest common factor of 29971 and 85731?
697
Calculate the greatest common factor of 65797365 and 690.
345
Calculate the highest common factor of 98853 and 1920039.
249
Calculate the greatest common factor of 36992 and 129761.
289
What is the highest common divisor of 18 and 817745898?
6
What is the highest common divisor of 170259 and 12296?
29
Calculate the greatest common divisor of 120268533 and 462.
231
Calculate the greatest common divisor of 623873 and 65201.
113
Calculate the highest common divisor of 19062618 and 1446.
1446
What is the highest common factor of 1352455 and 52?
13
Calculate the highest common factor of 2197 and 242981609.
2197
What is the highest common factor of 1992 and 4189128?
24
Calculate the greatest common factor of 138562174 and 2204.
1102
Calculate the highest common divisor of 4030 and 14070745.
2015
What is the highest common factor of 124399238 and 332?
166
What is the highest common factor of 1638 and 18521776?
182
Calculate the greatest common divisor of 783419 and 1755.
13
Calculate the highest common divisor of 6081881 and 247.
247
What is the highest common divisor of 1408 and 14646720?
704
What is the highest common divisor of 208 and 9318348?
52
What is the highest common factor of 22263 and 189789?
123
Calculate the greatest common divisor of 236 and 1539133.
59
Calculate the greatest common factor of 369666 and 15642.
198
Calculate the highest common divisor of 2449 and 250035.
79
Calculate the highest common divisor of 4955 and 38845.
5
What is the greatest common divisor of 14 and 2002830?
2
Calculate the highest common factor of 19153 and 4425092.
107
What is the greatest